 composite number?
False
Let b = -38 - -122. Suppose -5*t + 16 + b = 4*r, 3*t + 28 = 2*r. Suppose -r - 578 = -2*k. Is k a composite number?
True
Suppose 0 = 2*c + c - 54. Suppose -2*g = q - 9, -3*g = q + 2*g - c. Suppose 273 + 90 = q*o. Is o composite?
True
Let g = 13 + -6. Suppose 3*i - 2 - g = 0. Suppose -6*r = -i*r - 153. Is r a composite number?
True
Suppose -2*t + t = -431. Let z be (-962)/4 - (-4)/8. Let s = z + t. Is s a composite number?
False
Let b = 3728 + 57. Suppose -6247 - 3241 = -5*x + s, 2*x + 3*s = b. Is x a composite number?
True
Let l be 1 + 0/(-3) + 4362/3. Suppose -3*v + f = -881, -5*v + l = -0*f + 5*f. Is v a prime number?
True
Let b(u) = -49*u**2 + 40*u**2 + 3*u + 29*u**2 + 3. Is b(-2) a composite number?
True
Let b(y) = 3*y**2 - 17*y - 41. Is b(-17) a prime number?
False
Let h = 8074 - 4340. Suppose 4*z = -530 + h. Suppose 3*r - z = -228. Is r a composite number?
False
Suppose 4*z - 2*z = 0. Suppose z = -4*w - 12, 4*w + 0*w = -2*q + 178. Suppose -3*h = -22 - q. Is h prime?
False
Let s(p) = -3991*p**3 + 2*p**2 - p - 3. Is s(-1) a composite number?
True
Suppose 151*l + 51928 = 159*l. Is l a composite number?
False
Let h = -65 - -40. Let n = 29 + h. Is 777 - 16/(n - 8) composite?
True
Suppose -8*z = -3*h - 3*z - 3774, z - 6312 = 5*h. Let o = h + 2006. Is o composite?
False
Let t = 160 - -51. Is t a prime number?
True
Let i(a) = -455*a - 1. Let n(f) = -2*f + 1. Let j(o) = i(o) + 4*n(o). Is j(-2) prime?
True
Let g = 0 + -5. Let h = g - -3. Is 1/(5940/(-2972) - h) composite?
False
Let u(o) = o**2 + 39*o + 10. Let c be u(-17). Is 1/((-3)/(1 + c)) composite?
True
Let r be (-1)/(2 + 28/(-12)). Suppose 3*v + r + 33 = 3*n, 5 = n. Let d = v + 60. Is d prime?
True
Let j be (16/28)/((-2)/(-7)). Suppose j*y - 5 = -5*a, -2*a = 2*y + 3*y - 2. Is -1*(a + 2) + 80 a prime number?
False
Let n(s) = s**3 + 20*s**2 + 19*s - 9. Is n(-15) a composite number?
True
Let n be 221/91 + 6/(-14). Let d be n/6 + (-17)/(-3). Let w = d + 113. Is w a composite number?
True
Suppose -2*f = -2*y - 8070, f - 5557 = -5*y - 1546. Is f a composite number?
True
Let n be 2/4*12 + 0. Let c(a) be the second derivative of a**5/10 - a**3/6 - 7*a**2/2 + 3*a. Is c(n) composite?
False
Let a be 1*(-7)/((-28)/8). Let l be (-5)/((-5)/a) - -37. Suppose 0*v = v - l. Is v prime?
False
Let r(i) = 17 - 11*i - 32 + i - 48*i. Is r(-7) a composite number?
True
Let g = -6006 - -11195. Is g a prime number?
True
Let x = 4793 - 3000. Is x a prime number?
False
Suppose 0 = -3*v - 6, -2*v - v + 8 = s. Suppose 0 = -s*d + 9*d + 20515. Is d prime?
False
Let n(h) = h**3 - 5*h**2 - 5*h + 20. Is n(11) prime?
True
Let f(h) be the first derivative of -h**5/60 + h**4/3 - h**3/3 - 7*h**2/2 - 5. Let u(c) be the second derivative of f(c). Is u(3) a composite number?
False
Let l = 20 - 18. Suppose 2*c - l - 2 = 0, -j - 3*c + 727 = 0. Is j a prime number?
False
Let z(b) = 101*b**2 + 27*b - 229. Is z(15) prime?
True
Suppose 4*c = -5*w + 36920 - 13799, -4*w = c - 5783. Is c composite?
False
Is 3/18 + ((-420728)/(-48))/11 a prime number?
True
Let j(q) = q - 9. Let d be j(11). Suppose d*z + 2*w = 0, -5 + 3 = z + 2*w. Suppose -z*a - 113 = -3*g + 2*a, -11 = -g - 4*a. Is g composite?
False
Let g(y) = -1694*y + 1101. Is g(-7) composite?
False
Let f = 15433 + -3254. Is f a prime number?
False
Let q(k) be the second derivative of 55*k**4/12 + k**3/2 - 3*k**2/2 + 13*k. Is q(4) a prime number?
False
Suppose -49 = -3*h - 2*r, h = 5*h - 2*r - 42. Suppose -5*t + 276 = -b + 4*b, t - 60 = b. Suppose -h = 4*v - t. Is v prime?
True
Let x be (-6)/(-45) - (-2)/(-15). Suppose 0 = 3*c - x*o + 5*o + 347, 4*o = c + 144. Let s = -35 - c. Is s prime?
True
Let p(f) = -f**3 - 8*f**2 - 16*f + 9. Is p(-14) composite?
False
Let v(z) = 2*z**3 - 42*z**2 + 37*z - 50. Is v(21) a prime number?
True
Suppose 257 = 3*d - 4*b, d - 100 = -b - 5. Suppose -2 = -2*u + 2. Suppose u*l = 2, d - 2 = h + 4*l. Is h a composite number?
True
Let r(f) = -10*f - 13. Let z(u) = -9*u - 13. Suppose -1 - 3 = a. Let j(k) = a*z(k) + 5*r(k). Is j(-10) composite?
False
Let i be 9/(-45) + (-1)/(-5). Suppose o = i, -5*o - 65 = -t + 73. Let z = -49 + t. Is z prime?
True
Let l(h) = 51077*h + 372. Is l(5) a prime number?
True
Suppose -2*b + 7670 = 4*d, -15378 - 7 = -4*b + d. Is b prime?
False
Let i(b) = 2212*b + 86. Let h(v) = -1475*v - 57. Let o(z) = -8*h(z) - 5*i(z). Is o(4) prime?
False
Is 11/(88/(-40)) + 6358 composite?
False
Let x(h) be the third derivative of 1/120*h**6 + 3/20*h**5 - 5*h**2 - 1/2*h**3 + 0*h + 1/12*h**4 + 0. Is x(-5) prime?
False
Suppose 2*k + 0 = 2, 5*s - 4*k = -3644. Let a = -381 - s. Is a prime?
True
Let w(r) = 5640*r**2 + 14*r - 15. Is w(1) prime?
True
Suppose 0 = 2*g + 19 - 47. Is (-2734)/(-4)*7/(g/4) a composite number?
False
Let n(x) = -42*x + 251. Let t be n(6). Let i(z) = 1 + 21*z - 54*z - 24*z. Is i(t) a composite number?
True
Let d be (-4)/(-38) - (-2904)/209. Let k = 73 - d. Is k composite?
False
Suppose -d + 2*a = 2, 0*d + a - 1 = 3*d. Suppose -3*q + q - 21 = -5*u, 5*q - 15 = -u. Suppose -q*o + 410 = -d. Is o a prime number?
False
Suppose 0 = 5*w - 12*w + 1239. Let z = -88 + w. Is z a prime number?
True
Let f(z) = 12*z**3 - 14*z**2 + 13*z - 61. Is f(10) a prime number?
False
Let k = 1798 - 1107. Is k composite?
False
Suppose 0 = -5*y, 0 = 4*z + 5*y - 170 - 6. Suppose -3*a + 5*d + 98 = 0, 4*d = -a - 0*d + z. Let b = -5 + a. Is b prime?
True
Is 3/(-9) + (0 - (-35440)/12) a prime number?
True
Suppose f - 282 = 7*f. Let q = 204 + f. Is q prime?
True
Suppose 12*j - 767544 = 553212. Is j prime?
True
Let i = 3 - -11. Let u(d) = d**3 - 15*d**2 + 14*d. Let b be u(i). Suppose 5*y - 3*p - 1067 = 0, 2*y + 0*p - 4*p - 438 = b. Is y composite?
False
Suppose 2*z + 2 = -4*v, -4*z + 2*z = 3*v + 4. Suppose -d + 2*w = -8249, v*w + 24741 = 3*d - w. Is d/(-51)*(-1 + -2) a prime number?
False
Suppose 59*n - 34*n = 48175. Is n prime?
False
Suppose -4*l + 1180 = -9256. Is l a composite number?
False
Let g(k) = -k**2 + 17*k - 15. Let u = -26 - -37. Is g(u) a prime number?
False
Let t = 100 + 85. Is t composite?
True
Suppose 2*h + 2*h = -5*x + 30264, -5*x - 30224 = -4*h. Is h prime?
True
Suppose -x - 7189 = -o, 3*x - 5*o + 12815 + 8762 = 0. Is x/(-40)*(-15)/(-6) a composite number?
False
Suppose 12*d = 9*d + 30. Suppose -7*j = -d*j + 777. Is j composite?
True
Suppose -46247 = -3*h - 5*z, 2*h + 0*z - 4*z - 30846 = 0. Is h prime?
False
Suppose 177*k - 165*k = 773868. Is k prime?
True
Suppose 0 = -22*g + 19*g + 2*j + 15389, -5115 = -g - 3*j. Is g a prime number?
False
Let y(i) = -1 + 0*i**3 + 59*i**2 - 3*i**3 - 60*i**2. Is y(-8) prime?
True
Suppose 5*r - 10 = -0*r. Is (-3 - -22)*2/r a prime number?
True
Suppose -5*x + 355 = -5*f, -3*f - 52 - 9 = -x. Let k(u) = u**2 + 4*u + 3. Let r be k(-4). Suppose d = r*d - x. Is d composite?
True
Suppose -4*w - 8 = -3*p, -4*p = -3*p - 4. Suppose 8 = 5*k - 2. Let l = w + k. Is l a composite number?
False
Let i(t) = t**2 - 3*t + 2. Let d be i(3). Suppose 6*z - d*z - 2844 = 0. Let u = z - 340. Is u a prime number?
False
Let l be ((-2)/6)/((-8)/(-120)). Let q be 3 + l - (-104 - 1). Let s = 180 - q. Is s composite?
True
Suppose -7*s + 4*s + 17877 = 0. Is s prime?
False
Let v be 6 + (0 - -1) + -1. Let w be (-1)/(-3) - 2/v. Suppose w = -s - 5, n - 3*s - s = 71. Is n a composite number?
True
Let g(u) = 1479*u**2 + 4*u + 4. Is g(-3) a prime number?
False
Suppose 29*y = 9*y + 163780. Is y a composite number?
True
Let w(s) = -334*s + 241. Is w(-12) composite?
True
Let f be 5823/(-6) + (-2)/(-4). Let s be 1/(-2) + f/(-20). Suppose 351 = 5*j - 4*v, -j - 4*v = -3 - s. Is j a prime number?
True
Is (16/(-3) - -4)*121947/(-14) prime?
False
Suppose -67*u + 65*u = -2*v + 14632, 0 = 2*v + 5*u - 14667. Is v a prime number?
True
Let k be (-465)/(-35) + 3 - 2/7. Suppose k = 4*g - 4, 5510 = 5*i + g. Is i composite?
True
Let h(m) = m**3 + 6*m**2 + 6*m - 2. Let r be h(-5). Let b(c) = -c**3 - 6*c**2 + 6*c - 5. Let s be b(r). Let x(a) = 66*a**2 + 1. Is x(s) a composite number?
True
Let a = 7 + -9. Let n be -3 - (-2 + 2 + a). Is 3 + (-1)/(n/23) prime?
False
Let t = 165 + -166. Is t + 1/(1/98) composite?
False
Let g = -1068 - -8046. Let u = g - 4663. Is u a composite number?
True
Let p(u) = u**2 + 3*u - 7. Let c be p(-5). Suppose -c*n + 226 - 22 = 0. L